{"id":6742,"date":"2016-07-14T17:42:55","date_gmt":"2016-07-14T15:42:55","guid":{"rendered":"https:\/\/malenki.net\/?post_type=product&#038;p=6742\/"},"modified":"2024-12-12T15:06:41","modified_gmt":"2024-12-12T14:06:41","slug":"konsens-julia-debus","status":"publish","type":"product","link":"https:\/\/malenki.net\/de\/produkt\/konsens-julia-debus\/","title":{"rendered":"Konsens"},"content":{"rendered":"<p class=\"p1\">Julia Debus \u00fcber Konsens: <em>\u201eIm Leporello mit dem Titel <\/em>Konsens<em> f\u00fcgen sich Bilder von Landschaften aneinander: L\u00e4ndliche Gebiete, au\u00dferhalb der Aufmerksamkeit stehende Zwischenfl\u00e4chen, Subsistenzlandwirtschaft und\u00a0viel Raum, dessen Nutzung sich auf den ersten Blick nicht genau erschlie\u00dft. Gegenden, die selten Anfangs &#8211; oder Endpunkt einer Reise bilden, sondern meist durchquert werden. Graslandschaften, Felsformationen, Gestr\u00fcpp, B\u00e4ume, Flussl\u00e4ufe. Ein verbindendes Motiv sind Pfade \u2013 die in unterschiedlicher Form auftauchen. Die Fotografien sind im Transit entstanden, auf Bahnstrecken \u00fcber mehrere Tausend Kilometer hinweg auf Fahrten quer durch Indien.<br \/>\n<\/em><em>F\u00fcr mich sind die Pfade die M\u00f6glichkeit, die Landschaft mit Konzentration zu betrachten: Fixpunkte im vorbeiziehenden Raum.\u00a0<\/em><em>Die dokumentarische Idee, die w\u00e4hrend der Konzeption noch pr\u00e4sent war, l\u00f6st sich im Prozess des Fotografierens, des Editierens und des \u00dcberf\u00fchrens in einen neuen Kontext immer weiter auf.\u00a0<\/em><em>Das Leporello erm\u00f6glicht eine Vielzahl von Betrachtungsweisen: zusammengefaltet ist es kompakt wie ein Buch, ausgeklappt mit einer L\u00e4nge von 7m ein raumbestimmendes Objekt. Durch diese Dualit\u00e4t, und die Vielzahl von Kombinationsm\u00f6glichkeiten entsteht eine offene Narration.\u201c<\/em><\/p>\n","protected":false},"excerpt":{"rendered":"<p>Buchschnitt des\u00a0Leporello und R\u00fccken des Schubers kupferfarben.<br \/>\nLitografie: Anders Forsmark, Druck: Thomas Druck Leipzig, Verarbeitung: Buchbinderei M\u00f6nch, Leipzig \/ Werkst\u00e4tten der HGB Leipzig<br \/>\nGestaltung Schuber: Felix Holler, Siebdruck: Felix Holler und Gilbert Schneider<\/p>\n","protected":false},"featured_media":8872,"template":"","meta":{"pgc_sgb_lightbox_settings":""},"product_brand":[],"product_cat":[3012],"product_tag":[3532,4549,3531,3533,3527,5628,3528,3529,4802,3042,3526,3525,5104,3987,5108,3059,3535,3530],"class_list":{"0":"post-6742","1":"product","2":"type-product","3":"status-publish","4":"has-post-thumbnail","6":"product_cat-julia-debus-de","7":"product_tag-anders-forsmark-de","8":"product_tag-asien","9":"product_tag-buchbinderei-moench-de","10":"product_tag-buchbinderei-moench-leipzig-de","11":"product_tag-debus-de","12":"product_tag-durchreise","13":"product_tag-felix-holler-de","14":"product_tag-gilbert-schneider-de","15":"product_tag-hgb-de","16":"product_tag-indien","17":"product_tag-julia-debus-de","18":"product_tag-konsens-de","19":"product_tag-landlich","20":"product_tag-landschaft","21":"product_tag-landwirtschaft","22":"product_tag-schwarz-weiss","23":"product_tag-siebdruck","24":"product_tag-thomas-druck-leipzig-de","25":"entry","27":"first","28":"instock","29":"shipping-taxable","30":"purchasable","31":"product-type-simple"},"yoast_head":"<!-- This site is optimized with the Yoast SEO plugin v27.2 - https:\/\/yoast.com\/product\/yoast-seo-wordpress\/ -->\n<title>malenki.net | Konsens | Julia Debus<\/title>\n<meta name=\"description\" content=\"&#039;Konsens&#039; von Julia Debus bei malenki.net\" \/>\n<meta name=\"robots\" content=\"index, follow, max-snippet:-1, max-image-preview:large, max-video-preview:-1\" \/>\n<link rel=\"canonical\" href=\"https:\/\/malenki.net\/de\/produkt\/konsens-julia-debus\/\" \/>\n<meta property=\"og:locale\" content=\"de_DE\" \/>\n<meta property=\"og:type\" content=\"article\" \/>\n<meta property=\"og:title\" content=\"malenki.net | Konsens | Julia Debus\" \/>\n<meta property=\"og:description\" content=\"&#039;Konsens&#039; von Julia Debus bei malenki.net\" \/>\n<meta property=\"og:url\" content=\"https:\/\/malenki.net\/de\/produkt\/konsens-julia-debus\/\" \/>\n<meta property=\"og:site_name\" content=\"malenki.net\" \/>\n<meta property=\"article:publisher\" content=\"https:\/\/www.facebook.com\/malenki.editionen\/\" \/>\n<meta property=\"article:modified_time\" content=\"2024-12-12T14:06:41+00:00\" \/>\n<meta property=\"og:image\" content=\"https:\/\/malenki.net\/wp-content\/uploads\/2016\/07\/julia-debus-konsens-02.jpg\" \/>\n\t<meta property=\"og:image:width\" content=\"1024\" \/>\n\t<meta property=\"og:image:height\" content=\"819\" \/>\n\t<meta property=\"og:image:type\" content=\"image\/jpeg\" \/>\n<meta name=\"twitter:card\" content=\"summary_large_image\" \/>\n<meta name=\"twitter:label1\" content=\"Gesch\u00e4tzte Lesezeit\" \/>\n\t<meta name=\"twitter:data1\" content=\"1\u00a0Minute\" \/>\n<script type=\"application\/ld+json\" class=\"yoast-schema-graph\">{\"@context\":\"https:\/\/schema.org\",\"@graph\":[{\"@type\":\"WebPage\",\"@id\":\"https:\/\/malenki.net\/de\/produkt\/konsens-julia-debus\/\",\"url\":\"https:\/\/malenki.net\/de\/produkt\/konsens-julia-debus\/\",\"name\":\"malenki.net | Konsens | Julia Debus\",\"isPartOf\":{\"@id\":\"https:\/\/malenki.net\/de\/#website\"},\"primaryImageOfPage\":{\"@id\":\"https:\/\/malenki.net\/de\/produkt\/konsens-julia-debus\/#primaryimage\"},\"image\":{\"@id\":\"https:\/\/malenki.net\/de\/produkt\/konsens-julia-debus\/#primaryimage\"},\"thumbnailUrl\":\"https:\/\/malenki.net\/wp-content\/uploads\/2016\/07\/julia-debus-konsens-02.jpg\",\"datePublished\":\"2016-07-14T15:42:55+00:00\",\"dateModified\":\"2024-12-12T14:06:41+00:00\",\"description\":\"'Konsens' von Julia Debus bei malenki.net\",\"breadcrumb\":{\"@id\":\"https:\/\/malenki.net\/de\/produkt\/konsens-julia-debus\/#breadcrumb\"},\"inLanguage\":\"de\",\"potentialAction\":[{\"@type\":\"ReadAction\",\"target\":[\"https:\/\/malenki.net\/de\/produkt\/konsens-julia-debus\/\"]}]},{\"@type\":\"ImageObject\",\"inLanguage\":\"de\",\"@id\":\"https:\/\/malenki.net\/de\/produkt\/konsens-julia-debus\/#primaryimage\",\"url\":\"https:\/\/malenki.net\/wp-content\/uploads\/2016\/07\/julia-debus-konsens-02.jpg\",\"contentUrl\":\"https:\/\/malenki.net\/wp-content\/uploads\/2016\/07\/julia-debus-konsens-02.jpg\",\"width\":1024,\"height\":819,\"caption\":\"Konsens \u2014 Julia Debus\"},{\"@type\":\"BreadcrumbList\",\"@id\":\"https:\/\/malenki.net\/de\/produkt\/konsens-julia-debus\/#breadcrumb\",\"itemListElement\":[{\"@type\":\"ListItem\",\"position\":1,\"name\":\"Home\",\"item\":\"https:\/\/malenki.net\/de\/\"},{\"@type\":\"ListItem\",\"position\":2,\"name\":\"Editionen\",\"item\":\"https:\/\/malenki.net\/de\/\"},{\"@type\":\"ListItem\",\"position\":3,\"name\":\"Konsens\"}]},{\"@type\":\"WebSite\",\"@id\":\"https:\/\/malenki.net\/de\/#website\",\"url\":\"https:\/\/malenki.net\/de\/\",\"name\":\"malenki.net\",\"description\":\"Fotografie Editionen\",\"publisher\":{\"@id\":\"https:\/\/malenki.net\/de\/#organization\"},\"potentialAction\":[{\"@type\":\"SearchAction\",\"target\":{\"@type\":\"EntryPoint\",\"urlTemplate\":\"https:\/\/malenki.net\/de\/?s={search_term_string}\"},\"query-input\":{\"@type\":\"PropertyValueSpecification\",\"valueRequired\":true,\"valueName\":\"search_term_string\"}}],\"inLanguage\":\"de\"},{\"@type\":\"Organization\",\"@id\":\"https:\/\/malenki.net\/de\/#organization\",\"name\":\"malenki.net\",\"url\":\"https:\/\/malenki.net\/de\/\",\"logo\":{\"@type\":\"ImageObject\",\"inLanguage\":\"de\",\"@id\":\"https:\/\/malenki.net\/de\/#\/schema\/logo\/image\/\",\"url\":\"https:\/\/malenki.net\/wp-content\/uploads\/2023\/03\/malenki-logo-2019.gif\",\"contentUrl\":\"https:\/\/malenki.net\/wp-content\/uploads\/2023\/03\/malenki-logo-2019.gif\",\"width\":524,\"height\":138,\"caption\":\"malenki.net\"},\"image\":{\"@id\":\"https:\/\/malenki.net\/de\/#\/schema\/logo\/image\/\"},\"sameAs\":[\"https:\/\/www.facebook.com\/malenki.editionen\/\",\"https:\/\/www.instagram.com\/malenkinet\/\"]}]}<\/script>\n<!-- \/ Yoast SEO plugin. -->","yoast_head_json":{"title":"malenki.net | Konsens | Julia Debus","description":"'Konsens' von Julia Debus bei malenki.net","robots":{"index":"index","follow":"follow","max-snippet":"max-snippet:-1","max-image-preview":"max-image-preview:large","max-video-preview":"max-video-preview:-1"},"canonical":"https:\/\/malenki.net\/de\/produkt\/konsens-julia-debus\/","og_locale":"de_DE","og_type":"article","og_title":"malenki.net | Konsens | Julia Debus","og_description":"'Konsens' von Julia Debus bei malenki.net","og_url":"https:\/\/malenki.net\/de\/produkt\/konsens-julia-debus\/","og_site_name":"malenki.net","article_publisher":"https:\/\/www.facebook.com\/malenki.editionen\/","article_modified_time":"2024-12-12T14:06:41+00:00","og_image":[{"width":1024,"height":819,"url":"https:\/\/malenki.net\/wp-content\/uploads\/2016\/07\/julia-debus-konsens-02.jpg","type":"image\/jpeg"}],"twitter_card":"summary_large_image","twitter_misc":{"Gesch\u00e4tzte Lesezeit":"1\u00a0Minute"},"schema":{"@context":"https:\/\/schema.org","@graph":[{"@type":"WebPage","@id":"https:\/\/malenki.net\/de\/produkt\/konsens-julia-debus\/","url":"https:\/\/malenki.net\/de\/produkt\/konsens-julia-debus\/","name":"malenki.net | Konsens | Julia Debus","isPartOf":{"@id":"https:\/\/malenki.net\/de\/#website"},"primaryImageOfPage":{"@id":"https:\/\/malenki.net\/de\/produkt\/konsens-julia-debus\/#primaryimage"},"image":{"@id":"https:\/\/malenki.net\/de\/produkt\/konsens-julia-debus\/#primaryimage"},"thumbnailUrl":"https:\/\/malenki.net\/wp-content\/uploads\/2016\/07\/julia-debus-konsens-02.jpg","datePublished":"2016-07-14T15:42:55+00:00","dateModified":"2024-12-12T14:06:41+00:00","description":"'Konsens' von Julia Debus bei malenki.net","breadcrumb":{"@id":"https:\/\/malenki.net\/de\/produkt\/konsens-julia-debus\/#breadcrumb"},"inLanguage":"de","potentialAction":[{"@type":"ReadAction","target":["https:\/\/malenki.net\/de\/produkt\/konsens-julia-debus\/"]}]},{"@type":"ImageObject","inLanguage":"de","@id":"https:\/\/malenki.net\/de\/produkt\/konsens-julia-debus\/#primaryimage","url":"https:\/\/malenki.net\/wp-content\/uploads\/2016\/07\/julia-debus-konsens-02.jpg","contentUrl":"https:\/\/malenki.net\/wp-content\/uploads\/2016\/07\/julia-debus-konsens-02.jpg","width":1024,"height":819,"caption":"Konsens \u2014 Julia Debus"},{"@type":"BreadcrumbList","@id":"https:\/\/malenki.net\/de\/produkt\/konsens-julia-debus\/#breadcrumb","itemListElement":[{"@type":"ListItem","position":1,"name":"Home","item":"https:\/\/malenki.net\/de\/"},{"@type":"ListItem","position":2,"name":"Editionen","item":"https:\/\/malenki.net\/de\/"},{"@type":"ListItem","position":3,"name":"Konsens"}]},{"@type":"WebSite","@id":"https:\/\/malenki.net\/de\/#website","url":"https:\/\/malenki.net\/de\/","name":"malenki.net","description":"Fotografie Editionen","publisher":{"@id":"https:\/\/malenki.net\/de\/#organization"},"potentialAction":[{"@type":"SearchAction","target":{"@type":"EntryPoint","urlTemplate":"https:\/\/malenki.net\/de\/?s={search_term_string}"},"query-input":{"@type":"PropertyValueSpecification","valueRequired":true,"valueName":"search_term_string"}}],"inLanguage":"de"},{"@type":"Organization","@id":"https:\/\/malenki.net\/de\/#organization","name":"malenki.net","url":"https:\/\/malenki.net\/de\/","logo":{"@type":"ImageObject","inLanguage":"de","@id":"https:\/\/malenki.net\/de\/#\/schema\/logo\/image\/","url":"https:\/\/malenki.net\/wp-content\/uploads\/2023\/03\/malenki-logo-2019.gif","contentUrl":"https:\/\/malenki.net\/wp-content\/uploads\/2023\/03\/malenki-logo-2019.gif","width":524,"height":138,"caption":"malenki.net"},"image":{"@id":"https:\/\/malenki.net\/de\/#\/schema\/logo\/image\/"},"sameAs":["https:\/\/www.facebook.com\/malenki.editionen\/","https:\/\/www.instagram.com\/malenkinet\/"]}]}},"wps_subtitle":"Julia Debus","_links":{"self":[{"href":"https:\/\/malenki.net\/de\/wp-json\/wp\/v2\/product\/6742","targetHints":{"allow":["GET"]}}],"collection":[{"href":"https:\/\/malenki.net\/de\/wp-json\/wp\/v2\/product"}],"about":[{"href":"https:\/\/malenki.net\/de\/wp-json\/wp\/v2\/types\/product"}],"wp:featuredmedia":[{"embeddable":true,"href":"https:\/\/malenki.net\/de\/wp-json\/wp\/v2\/media\/8872"}],"wp:attachment":[{"href":"https:\/\/malenki.net\/de\/wp-json\/wp\/v2\/media?parent=6742"}],"wp:term":[{"taxonomy":"product_brand","embeddable":true,"href":"https:\/\/malenki.net\/de\/wp-json\/wp\/v2\/product_brand?post=6742"},{"taxonomy":"product_cat","embeddable":true,"href":"https:\/\/malenki.net\/de\/wp-json\/wp\/v2\/product_cat?post=6742"},{"taxonomy":"product_tag","embeddable":true,"href":"https:\/\/malenki.net\/de\/wp-json\/wp\/v2\/product_tag?post=6742"}],"curies":[{"name":"wp","href":"https:\/\/api.w.org\/{rel}","templated":true}]}}

<p class="p1">Julia Debus über Konsens: <em>„Im Leporello mit dem Titel </em>Konsens<em> fügen sich Bilder von Landschaften aneinander: Ländliche Gebiete, außerhalb der Aufmerksamkeit stehende Zwischenflächen, Subsistenzlandwirtschaft und viel Raum, dessen Nutzung sich auf den ersten Blick nicht genau erschließt. Gegenden, die selten Anfangs &#8211; oder Endpunkt einer Reise bilden, sondern meist durchquert werden. Graslandschaften, Felsformationen, Gestrüpp, Bäume, Flussläufe. Ein verbindendes Motiv sind Pfade – die in unterschiedlicher Form auftauchen. Die Fotografien sind im Transit entstanden, auf Bahnstrecken über mehrere Tausend Kilometer hinweg auf Fahrten quer durch Indien.<br />
</em><em>Für mich sind die Pfade die Möglichkeit, die Landschaft mit Konzentration zu betrachten: Fixpunkte im vorbeiziehenden Raum. </em><em>Die dokumentarische Idee, die während der Konzeption noch präsent war, löst sich im Prozess des Fotografierens, des Editierens und des Überführens in einen neuen Kontext immer weiter auf. </em><em>Das Leporello ermöglicht eine Vielzahl von Betrachtungsweisen: zusammengefaltet ist es kompakt wie ein Buch, ausgeklappt mit einer Länge von 7m ein raumbestimmendes Objekt. Durch diese Dualität, und die Vielzahl von Kombinationsmöglichkeiten entsteht eine offene Narration.“</em></p>

<p>Buchschnitt des Leporello und Rücken des Schubers kupferfarben.<br />
Litografie: Anders Forsmark, Druck: Thomas Druck Leipzig, Verarbeitung: Buchbinderei Mönch, Leipzig / Werkstätten der HGB Leipzig<br />
Gestaltung Schuber: Felix Holler, Siebdruck: Felix Holler und Gilbert Schneider</p>

<!-- This site is optimized with the Yoast SEO plugin v27.2 - https://yoast.com/product/yoast-seo-wordpress/ -->
<title>malenki.net | Konsens | Julia Debus</title>
<meta name="description" content="&#039;Konsens&#039; von Julia Debus bei malenki.net" />
<meta name="robots" content="index, follow, max-snippet:-1, max-image-preview:large, max-video-preview:-1" />
<link rel="canonical" href="https://malenki.net/de/produkt/konsens-julia-debus/" />
<meta property="og:locale" content="de_DE" />
<meta property="og:type" content="article" />
<meta property="og:title" content="malenki.net | Konsens | Julia Debus" />
<meta property="og:description" content="&#039;Konsens&#039; von Julia Debus bei malenki.net" />
<meta property="og:url" content="https://malenki.net/de/produkt/konsens-julia-debus/" />
<meta property="og:site_name" content="malenki.net" />
<meta property="article:publisher" content="https://www.facebook.com/malenki.editionen/" />
<meta property="article:modified_time" content="2024-12-12T14:06:41+00:00" />
<meta property="og:image" content="https://malenki.net/wp-content/uploads/2016/07/julia-debus-konsens-02.jpg" />
	<meta property="og:image:width" content="1024" />
	<meta property="og:image:height" content="819" />
	<meta property="og:image:type" content="image/jpeg" />
<meta name="twitter:card" content="summary_large_image" />
<meta name="twitter:label1" content="Geschätzte Lesezeit" />
	<meta name="twitter:data1" content="1 Minute" />
<script type="application/ld+json" class="yoast-schema-graph">{"@context":"https://schema.org","@graph":[{"@type":"WebPage","@id":"https://malenki.net/de/produkt/konsens-julia-debus/","url":"https://malenki.net/de/produkt/konsens-julia-debus/","name":"malenki.net | Konsens | Julia Debus","isPartOf":{"@id":"https://malenki.net/de/#website"},"primaryImageOfPage":{"@id":"https://malenki.net/de/produkt/konsens-julia-debus/#primaryimage"},"image":{"@id":"https://malenki.net/de/produkt/konsens-julia-debus/#primaryimage"},"thumbnailUrl":"https://malenki.net/wp-content/uploads/2016/07/julia-debus-konsens-02.jpg","datePublished":"2016-07-14T15:42:55+00:00","dateModified":"2024-12-12T14:06:41+00:00","description":"'Konsens' von Julia Debus bei malenki.net","breadcrumb":{"@id":"https://malenki.net/de/produkt/konsens-julia-debus/#breadcrumb"},"inLanguage":"de","potentialAction":[{"@type":"ReadAction","target":["https://malenki.net/de/produkt/konsens-julia-debus/"]}]},{"@type":"ImageObject","inLanguage":"de","@id":"https://malenki.net/de/produkt/konsens-julia-debus/#primaryimage","url":"https://malenki.net/wp-content/uploads/2016/07/julia-debus-konsens-02.jpg","contentUrl":"https://malenki.net/wp-content/uploads/2016/07/julia-debus-konsens-02.jpg","width":1024,"height":819,"caption":"Konsens — Julia Debus"},{"@type":"BreadcrumbList","@id":"https://malenki.net/de/produkt/konsens-julia-debus/#breadcrumb","itemListElement":[{"@type":"ListItem","position":1,"name":"Home","item":"https://malenki.net/de/"},{"@type":"ListItem","position":2,"name":"Editionen","item":"https://malenki.net/de/"},{"@type":"ListItem","position":3,"name":"Konsens"}]},{"@type":"WebSite","@id":"https://malenki.net/de/#website","url":"https://malenki.net/de/","name":"malenki.net","description":"Fotografie Editionen","publisher":{"@id":"https://malenki.net/de/#organization"},"potentialAction":[{"@type":"SearchAction","target":{"@type":"EntryPoint","urlTemplate":"https://malenki.net/de/?s={search_term_string}"},"query-input":{"@type":"PropertyValueSpecification","valueRequired":true,"valueName":"search_term_string"}}],"inLanguage":"de"},{"@type":"Organization","@id":"https://malenki.net/de/#organization","name":"malenki.net","url":"https://malenki.net/de/","logo":{"@type":"ImageObject","inLanguage":"de","@id":"https://malenki.net/de/#/schema/logo/image/","url":"https://malenki.net/wp-content/uploads/2023/03/malenki-logo-2019.gif","contentUrl":"https://malenki.net/wp-content/uploads/2023/03/malenki-logo-2019.gif","width":524,"height":138,"caption":"malenki.net"},"image":{"@id":"https://malenki.net/de/#/schema/logo/image/"},"sameAs":["https://www.facebook.com/malenki.editionen/","https://www.instagram.com/malenkinet/"]}]}</script>
<!-- / Yoast SEO plugin. -->
